
3
What is the thousands digit of 78499?
8
What is the tens digit of 237652?
5
What is the ten thousands digit of 1792841?
9
What is the thousands digit of 4097279?
7
What is the hundred thousands digit of 7083441?
0
What is the units digit of 644291?
1
What is the hundreds digit of 87263?
2
What is the hundred thousands digit of 215166?
2
What is the units digit of 627703?
3
What is the ten thousands digit of 6113335?
1
What is the thousands digit of 1720450?
0
What is the hundreds digit of 816398?
3
What is the units digit of 534873?
3
What is the tens digit of 56348?
4
What is the millions digit of 24597664?
4
What is the millions digit of 6377014?
6
What is the tens digit of 753376?
7
What is the millions digit of 18875603?
8
What is the units digit of 669756?
6
What is the tens digit of 657046?
4
What is the thousands digit of 375290?
5
What is the millions digit of 1462419?
1
What is the hundreds digit of 862246?
2
What is the hundred thousands digit of 8106697?
1
What is the hundred thousands digit of 1824697?
8
What is the ten thousands digit of 6218714?
1
What is the hundreds digit of 255342?
3
What is the ten thousands digit of 441810?
4
What is the hundred thousands digit of 1850862?
8
What is the hundred thousands digit of 188766?
1
What is the ten thousands digit of 122003?
2
What is the hundred thousands digit of 4998567?
9
What is the tens digit of 43538538?
3
What is the thousands digit of 3248609?
8
What is the ten thousands digit of 11961179?
6
What is the thousands digit of 5633175?
3
What is the units digit of 39891?
1
What is the tens digit of 306028?
2
What is the tens digit of 569626?
2
What is the units digit of 558198?
8
What is the units digit of 4441605?
5
What is the hundred thousands digit of 771904?
7
What is the hundred thousands digit of 1445191?
4
What is the tens digit of 2318168?
6
What is the hundreds digit of 2436184?
1
What is the hundred thousands digit of 707195?
7
What is the ten thousands digit of 138948?
3
What is the units digit of 239348?
8
What is the hundred thousands digit of 5066718?
0
What is the tens digit of 87895?
9
What is the thousands digit of 56462?
6
What is the hundreds digit of 1533740?
7
What is the thousands digit of 746259?
6
What is the hundred thousands digit of 280607?
2
What is the units digit of 3008913?
3
What is the hundreds digit of 313582?
5
What is the units digit of 792898?
8
What is the tens digit of 938143?
4
What is the thousands digit of 525004?
5
What is the hundred thousands digit of 820710?
8
What is the hundreds digit of 2473628?
6
What is the thousands digit of 5515957?
5
What is the millions digit of 4436633?
4
What is the hundreds digit of 7050215?
2
What is the ten millions digit of 13314903?
1
What is the tens digit of 1736078?
7
What is the millions digit of 1018527?
1
What is the units digit of 128789?
9
What is the thousands digit of 1551825?
1
What is the tens digit of 4600308?
0
What is the tens digit of 6322327?
2
What is the thousands digit of 76391?
6
What is the hundred thousands digit of 2509925?
5
What is the tens digit of 4831846?
4
What is the ten thousands digit of 209183?
0
What is the hundred thousands digit of 7928181?
9
What is the ten thousands digit of 3846957?
4
What is the tens digit of 348680?
8
What is the millions digit of 11598156?
1
What is the ten thousands digit of 4890758?
9
What is the thousands digit of 2557452?
7
What is the units digit of 5012965?
5
What is the thousands digit of 2240126?
0
What is the thousands digit of 29416456?
6
What is the thousands digit of 510207?
0
What is the hundred thousands digit of 890984?
8
What is the ten thousands digit of 1724939?
2
What is the tens digit of 7242372?
7
What is the thousands digit of 9446?
9
What is the hundred thousands digit of 24995895?
9
What is the hundreds digit of 2392828?
8
What is the millions digit of 1204843?
1
What is the ten thousands digit of 182964?
8
What is the thousands digit of 21763?
1
What is the millions digit of 2502398?
2
What is the ten millions digit of 15369112?
1
What is the units digit of 21566705?
5
What is the thousands digit of 98055?
8
What is the thousands digit of 1139941?
9
What is the units digit of 111860?
0
What is the tens digit of 146676?
7
What is the thousands digit of 365942?
5
What is the ten thousands digit of 578331?
7
What is the hundreds digit of 161545?
5
What is the hundred thousands digit of 4465315?
4
What is the ten millions digit of 24053491?
2
What is the ten thousands digit of 476290?
7
What is the tens digit of 1433511?
1
What is the ten thousands digit of 34907899?
0
What is the units digit of 39781?
1
What is the tens digit of 12237010?
1
What is the thousands digit of 493873?
3
What is the tens digit of 2727857?
5
What is the ten thousands digit of 475521?
7
What is the thousands digit of 1703608?
3
What is the thousands digit of 224642?
4
What is the thousands digit of 386136?
6
What is the ten thousands digit of 5030111?
3
What is the hundred thousands digit of 198596?
1
What is the tens digit of 21280877?
7
What is the thousands digit of 377586?
7
What is the thousands digit of 216519?
6
What is the hundred thousands digit of 422180?
4
What is the millions digit of 4855304?
4
What is the hundreds digit of 3613384?
3
What is the hundreds digit of 12077397?
3
What is the thousands digit of 675770?
5
What is the units digit of 1444767?
7
What is the hundreds digit of 365381?
3
What is the hundred thousands digit of 634951?
6
What is the hundred thousands digit of 438426?
4
What is the units digit of 6104972?
2
What is the tens digit of 1186941?
4
What is the millions digit of 21719404?
1
What is the tens digit of 1201108?
0
What is the units digit of 1284662?
2
What is the units digit of 58370?
0
What is the units digit of 50909?
9
What is the ten thousands digit of 56820?
5
What is the units digit of 10271125?
5
What is the tens digit of 1052187?
8
What is the hundred thousands digit of 1100171?
1
What is the ten thousands digit of 3622284?
2
What is the hundred thousands digit of 18977317?
9
What is the millions digit of 3682939?
3
What is the hundreds digit of 17656423?
4
What is the hundreds digit of 204755?
7
What is the hundreds digit of 134269?
2
What is the hundreds digit of 407489?
4
What is the hundred thousands digit of 1156292?
1
What is the hundred thousands digit of 478957?
4
What is the thousands digit of 468201?
8
What is the thousands digit of 223551?
3
What is the tens digit of 193112?
1
What is the units digit of 158138?
8
What is the tens digit of 5626551?
5
What is the units digit of 2221206?
6
What is the hundred thousands digit of 102965?
1
What is the hundreds digit of 33287998?
9
What is the tens digit of 3964698?
9
What is the millions digit of 3419956?
3
What is the hundred thousands digit of 1162005?
1
What is the hundred thousands digit of 239620?
2
What is the hundred thousands digit of 2512080?
5
What is the ten millions digit of 15282221?
1
What is the ten thousands digit of 22395044?
9
What is the units digit of 6500243?
3
What is the hundreds digit of 210087?
0
What is the hundred thousands digit of 876121?
8
What is the millions digit of 5723183?
5
What is the ten thousands digit of 1560943?
6
What is the hundreds digit of 12276034?
0
What is the units digit of 333445?
5
What is the millions digit of 1336190?
1
What is the thousands digit of 560913?
0
What is the tens digit of 14253042?
4
What is the tens digit of 491?
9
What is the ten thousands digit of 111587?
1
What is the units digit of 13265891?
1
What is the thousands digit of 146718?
6
What is the thousands digit of 8336505?
6
What is the hundred thousands digit of 686444?
6
What is the millions digit of 15905749?
5
What is the thousands digit of 213493?
3
What is the units digit of 6867682?
2
What is the hundred thousands digit of 116125?
1
What is the hundreds digit of 5742449?
4
What is the tens digit of 8212556?
5
What is the thousands digit of 770565?
0
What is the units digit of 1348090?
0
What is the ten thousands digit of 258463?
5
What is the millions digit of 5208203?
5
What is the units digit of 1916336?
6
What is the ten thousands digit of 218711?
1
What is the hundreds digit of 313736?
7
What is the ten th